{"id":4819,"date":"2025-01-05T18:16:52","date_gmt":"2025-01-05T18:16:52","guid":{"rendered":"https:\/\/gobiernojima.gob.ec\/azuay\/?page_id=4819"},"modified":"2026-02-10T13:08:50","modified_gmt":"2026-02-10T17:08:50","slug":"rendicion-de-cuentas-2025","status":"publish","type":"page","link":"https:\/\/gobiernojima.gob.ec\/azuay\/rendicion-de-cuentas-2025\/","title":{"rendered":"Rendici\u00f3n de Cuentas 2025"},"content":{"rendered":"<p><a href=\"https:\/\/gobiernojima.gob.ec\/azuay\/wp-content\/uploads\/2025\/08\/1.-ACTA-CPPPJ-202420250807_09391736.pdf\">1. ACTA CPPPJ 202420250807_09391736<\/a><\/p>\n<p><a href=\"https:\/\/gobiernojima.gob.ec\/azuay\/wp-content\/uploads\/2025\/08\/2-ACTA-001-DE-DELIBERACION-PUBLICA-ANO-2024.pdf\">2 ACTA 001 DE DELIBERACION PUBLICA A\u00d1O 2024<\/a><\/p>\n<p><a href=\"https:\/\/gobiernojima.gob.ec\/azuay\/wp-content\/uploads\/2025\/08\/3.ACTA-002-COMPROMISOS-DELIBERACION-PUBLICA-ANO-2024.pdf\">3.ACTA 002 COMPROMISOS DELIBERACION PUBLICA A\u00d1O 2024<\/a><\/p>\n<p><a href=\"https:\/\/gobiernojima.gob.ec\/azuay\/wp-content\/uploads\/2025\/08\/FORMULARIO-RC-2024.pdf\">FORMULARIO RC 2024<\/a><\/p>\n<p><a href=\"https:\/\/gobiernojima.gob.ec\/azuay\/wp-content\/uploads\/2025\/08\/FORMULARIO-DE-RC-ANO-2024-CARMEN-ZUIN.pdf\">FORMULARIO DE RC A\u00d1O 2024 CARMEN ZUIN<\/a><\/p>\n<p><a href=\"https:\/\/gobiernojima.gob.ec\/azuay\/wp-content\/uploads\/2025\/08\/FORMULARIO-RC-2024-VOCAL-ING-HUGO-SUQUI-.pdf\">FORMULARIO RC 2024 VOCAL ING HUGO SUQUI<\/a><\/p>\n<p><a href=\"https:\/\/gobiernojima.gob.ec\/azuay\/wp-content\/uploads\/2025\/08\/INFORME-DE-RENDICION-DE-CUENTAS-LCDO.VICTOR-MARIN-ANO-2024.pdf\">INFORME DE RENDICION DE CUENTAS LCDO.VICTOR MARIN A\u00d1O 2024<\/a><\/p>\n<p><a href=\"https:\/\/gobiernojima.gob.ec\/azuay\/wp-content\/uploads\/2026\/02\/CONTRATO-ECO-PABLO-UYAGUARI.pdf\">CONTRATO ECO PABLO UYAGUARI<\/a><\/p>\n<p><a href=\"https:\/\/gobiernojima.gob.ec\/azuay\/wp-content\/uploads\/2026\/02\/CONTRATO-FELIX-RAFAEL-SUQUI.pdf\">CONTRATO FELIX RAFAEL SUQUI<\/a><\/p>\n<p><a href=\"https:\/\/gobiernojima.gob.ec\/azuay\/wp-content\/uploads\/2026\/02\/CONTRATO-GEOVANNA-ORDONEZ.pdf\">CONTRATO GEOVANNA ORDO\u00d1EZ<\/a><\/p>\n<p><a href=\"https:\/\/gobiernojima.gob.ec\/azuay\/wp-content\/uploads\/2026\/02\/CONTRATO-ING-GLADYS-UYAGUARI.pdf\">CONTRATO ING GLADYS UYAGUARI<\/a><\/p>\n","protected":false},"excerpt":{"rendered":"<p>1. ACTA CPPPJ 202420250807_09391736 2 ACTA 001 DE DELIBERACION PUBLICA A\u00d1O 2024 3.ACTA 002 COMPROMISOS DELIBERACION PUBLICA A\u00d1O 2024 FORMULARIO RC 2024 FORMULARIO DE RC A\u00d1O 2024 CARMEN ZUIN FORMULARIO RC 2024 VOCAL ING HUGO SUQUI INFORME DE RENDICION DE CUENTAS LCDO.VICTOR MARIN A\u00d1O 2024 CONTRATO ECO PABLO UYAGUARI CONTRATO FELIX RAFAEL SUQUI CONTRATO GEOVANNA [&hellip;]<\/p>\n","protected":false},"author":6,"featured_media":0,"parent":0,"menu_order":0,"comment_status":"closed","ping_status":"closed","template":"","meta":{"footnotes":""},"class_list":["post-4819","page","type-page","status-publish","hentry"],"yoast_head":"<!-- This site is optimized with the Yoast SEO plugin v26.9 - https:\/\/yoast.com\/product\/yoast-seo-wordpress\/ -->\n<title>Rendici\u00f3n de Cuentas 2025 - GAD parroquial Jima<\/title>\n<meta name=\"robots\" content=\"index, follow, max-snippet:-1, max-image-preview:large, max-video-preview:-1\" \/>\n<link rel=\"canonical\" href=\"https:\/\/gobiernojima.gob.ec\/azuay\/rendicion-de-cuentas-2025\/\" \/>\n<meta property=\"og:locale\" content=\"es_ES\" \/>\n<meta property=\"og:type\" content=\"article\" \/>\n<meta property=\"og:title\" content=\"Rendici\u00f3n de Cuentas 2025 - GAD parroquial Jima\" \/>\n<meta property=\"og:description\" content=\"1. ACTA CPPPJ 202420250807_09391736 2 ACTA 001 DE DELIBERACION PUBLICA A\u00d1O 2024 3.ACTA 002 COMPROMISOS DELIBERACION PUBLICA A\u00d1O 2024 FORMULARIO RC 2024 FORMULARIO DE RC A\u00d1O 2024 CARMEN ZUIN FORMULARIO RC 2024 VOCAL ING HUGO SUQUI INFORME DE RENDICION DE CUENTAS LCDO.VICTOR MARIN A\u00d1O 2024 CONTRATO ECO PABLO UYAGUARI CONTRATO FELIX RAFAEL SUQUI CONTRATO GEOVANNA [&hellip;]\" \/>\n<meta property=\"og:url\" content=\"https:\/\/gobiernojima.gob.ec\/azuay\/rendicion-de-cuentas-2025\/\" \/>\n<meta property=\"og:site_name\" content=\"GAD parroquial Jima\" \/>\n<meta property=\"article:publisher\" content=\"https:\/\/www.facebook.com\/profile.php?id=100092480238734\" \/>\n<meta property=\"article:modified_time\" content=\"2026-02-10T17:08:50+00:00\" \/>\n<meta name=\"twitter:card\" content=\"summary_large_image\" \/>\n<meta name=\"twitter:label1\" content=\"Tiempo de lectura\" \/>\n\t<meta name=\"twitter:data1\" content=\"1 minuto\" \/>\n<script type=\"application\/ld+json\" class=\"yoast-schema-graph\">{\"@context\":\"https:\/\/schema.org\",\"@graph\":[{\"@type\":\"WebPage\",\"@id\":\"https:\/\/gobiernojima.gob.ec\/azuay\/rendicion-de-cuentas-2025\/\",\"url\":\"https:\/\/gobiernojima.gob.ec\/azuay\/rendicion-de-cuentas-2025\/\",\"name\":\"Rendici\u00f3n de Cuentas 2025 - GAD parroquial Jima\",\"isPartOf\":{\"@id\":\"https:\/\/gobiernojima.gob.ec\/azuay\/#website\"},\"datePublished\":\"2025-01-05T18:16:52+00:00\",\"dateModified\":\"2026-02-10T17:08:50+00:00\",\"breadcrumb\":{\"@id\":\"https:\/\/gobiernojima.gob.ec\/azuay\/rendicion-de-cuentas-2025\/#breadcrumb\"},\"inLanguage\":\"es\",\"potentialAction\":[{\"@type\":\"ReadAction\",\"target\":[\"https:\/\/gobiernojima.gob.ec\/azuay\/rendicion-de-cuentas-2025\/\"]}]},{\"@type\":\"BreadcrumbList\",\"@id\":\"https:\/\/gobiernojima.gob.ec\/azuay\/rendicion-de-cuentas-2025\/#breadcrumb\",\"itemListElement\":[{\"@type\":\"ListItem\",\"position\":1,\"name\":\"Portada\",\"item\":\"https:\/\/gobiernojima.gob.ec\/azuay\/\"},{\"@type\":\"ListItem\",\"position\":2,\"name\":\"Rendici\u00f3n de Cuentas 2025\"}]},{\"@type\":\"WebSite\",\"@id\":\"https:\/\/gobiernojima.gob.ec\/azuay\/#website\",\"url\":\"https:\/\/gobiernojima.gob.ec\/azuay\/\",\"name\":\"GAD parroquial Jima\",\"description\":\"Sitio Oficial del GAD Parroquial Jima Azuay\",\"publisher\":{\"@id\":\"https:\/\/gobiernojima.gob.ec\/azuay\/#organization\"},\"potentialAction\":[{\"@type\":\"SearchAction\",\"target\":{\"@type\":\"EntryPoint\",\"urlTemplate\":\"https:\/\/gobiernojima.gob.ec\/azuay\/?s={search_term_string}\"},\"query-input\":{\"@type\":\"PropertyValueSpecification\",\"valueRequired\":true,\"valueName\":\"search_term_string\"}}],\"inLanguage\":\"es\"},{\"@type\":\"Organization\",\"@id\":\"https:\/\/gobiernojima.gob.ec\/azuay\/#organization\",\"name\":\"GAD Jima Azuay\",\"url\":\"https:\/\/gobiernojima.gob.ec\/azuay\/\",\"logo\":{\"@type\":\"ImageObject\",\"inLanguage\":\"es\",\"@id\":\"https:\/\/gobiernojima.gob.ec\/azuay\/#\/schema\/logo\/image\/\",\"url\":\"https:\/\/gobiernojima.gob.ec\/azuay\/wp-content\/uploads\/2023\/11\/gobierno-Jima.jpg\",\"contentUrl\":\"https:\/\/gobiernojima.gob.ec\/azuay\/wp-content\/uploads\/2023\/11\/gobierno-Jima.jpg\",\"width\":1984,\"height\":2048,\"caption\":\"GAD Jima Azuay\"},\"image\":{\"@id\":\"https:\/\/gobiernojima.gob.ec\/azuay\/#\/schema\/logo\/image\/\"},\"sameAs\":[\"https:\/\/www.facebook.com\/profile.php?id=100092480238734\",\"https:\/\/www.instagram.com\/gadpjima\/\",\"https:\/\/www.tiktok.com\/@gadpjima?lang=es\"]}]}<\/script>\n<!-- \/ Yoast SEO plugin. -->","yoast_head_json":{"title":"Rendici\u00f3n de Cuentas 2025 - GAD parroquial Jima","robots":{"index":"index","follow":"follow","max-snippet":"max-snippet:-1","max-image-preview":"max-image-preview:large","max-video-preview":"max-video-preview:-1"},"canonical":"https:\/\/gobiernojima.gob.ec\/azuay\/rendicion-de-cuentas-2025\/","og_locale":"es_ES","og_type":"article","og_title":"Rendici\u00f3n de Cuentas 2025 - GAD parroquial Jima","og_description":"1. ACTA CPPPJ 202420250807_09391736 2 ACTA 001 DE DELIBERACION PUBLICA A\u00d1O 2024 3.ACTA 002 COMPROMISOS DELIBERACION PUBLICA A\u00d1O 2024 FORMULARIO RC 2024 FORMULARIO DE RC A\u00d1O 2024 CARMEN ZUIN FORMULARIO RC 2024 VOCAL ING HUGO SUQUI INFORME DE RENDICION DE CUENTAS LCDO.VICTOR MARIN A\u00d1O 2024 CONTRATO ECO PABLO UYAGUARI CONTRATO FELIX RAFAEL SUQUI CONTRATO GEOVANNA [&hellip;]","og_url":"https:\/\/gobiernojima.gob.ec\/azuay\/rendicion-de-cuentas-2025\/","og_site_name":"GAD parroquial Jima","article_publisher":"https:\/\/www.facebook.com\/profile.php?id=100092480238734","article_modified_time":"2026-02-10T17:08:50+00:00","twitter_card":"summary_large_image","twitter_misc":{"Tiempo de lectura":"1 minuto"},"schema":{"@context":"https:\/\/schema.org","@graph":[{"@type":"WebPage","@id":"https:\/\/gobiernojima.gob.ec\/azuay\/rendicion-de-cuentas-2025\/","url":"https:\/\/gobiernojima.gob.ec\/azuay\/rendicion-de-cuentas-2025\/","name":"Rendici\u00f3n de Cuentas 2025 - GAD parroquial Jima","isPartOf":{"@id":"https:\/\/gobiernojima.gob.ec\/azuay\/#website"},"datePublished":"2025-01-05T18:16:52+00:00","dateModified":"2026-02-10T17:08:50+00:00","breadcrumb":{"@id":"https:\/\/gobiernojima.gob.ec\/azuay\/rendicion-de-cuentas-2025\/#breadcrumb"},"inLanguage":"es","potentialAction":[{"@type":"ReadAction","target":["https:\/\/gobiernojima.gob.ec\/azuay\/rendicion-de-cuentas-2025\/"]}]},{"@type":"BreadcrumbList","@id":"https:\/\/gobiernojima.gob.ec\/azuay\/rendicion-de-cuentas-2025\/#breadcrumb","itemListElement":[{"@type":"ListItem","position":1,"name":"Portada","item":"https:\/\/gobiernojima.gob.ec\/azuay\/"},{"@type":"ListItem","position":2,"name":"Rendici\u00f3n de Cuentas 2025"}]},{"@type":"WebSite","@id":"https:\/\/gobiernojima.gob.ec\/azuay\/#website","url":"https:\/\/gobiernojima.gob.ec\/azuay\/","name":"GAD parroquial Jima","description":"Sitio Oficial del GAD Parroquial Jima Azuay","publisher":{"@id":"https:\/\/gobiernojima.gob.ec\/azuay\/#organization"},"potentialAction":[{"@type":"SearchAction","target":{"@type":"EntryPoint","urlTemplate":"https:\/\/gobiernojima.gob.ec\/azuay\/?s={search_term_string}"},"query-input":{"@type":"PropertyValueSpecification","valueRequired":true,"valueName":"search_term_string"}}],"inLanguage":"es"},{"@type":"Organization","@id":"https:\/\/gobiernojima.gob.ec\/azuay\/#organization","name":"GAD Jima Azuay","url":"https:\/\/gobiernojima.gob.ec\/azuay\/","logo":{"@type":"ImageObject","inLanguage":"es","@id":"https:\/\/gobiernojima.gob.ec\/azuay\/#\/schema\/logo\/image\/","url":"https:\/\/gobiernojima.gob.ec\/azuay\/wp-content\/uploads\/2023\/11\/gobierno-Jima.jpg","contentUrl":"https:\/\/gobiernojima.gob.ec\/azuay\/wp-content\/uploads\/2023\/11\/gobierno-Jima.jpg","width":1984,"height":2048,"caption":"GAD Jima Azuay"},"image":{"@id":"https:\/\/gobiernojima.gob.ec\/azuay\/#\/schema\/logo\/image\/"},"sameAs":["https:\/\/www.facebook.com\/profile.php?id=100092480238734","https:\/\/www.instagram.com\/gadpjima\/","https:\/\/www.tiktok.com\/@gadpjima?lang=es"]}]}},"_links":{"self":[{"href":"https:\/\/gobiernojima.gob.ec\/azuay\/wp-json\/wp\/v2\/pages\/4819","targetHints":{"allow":["GET"]}}],"collection":[{"href":"https:\/\/gobiernojima.gob.ec\/azuay\/wp-json\/wp\/v2\/pages"}],"about":[{"href":"https:\/\/gobiernojima.gob.ec\/azuay\/wp-json\/wp\/v2\/types\/page"}],"author":[{"embeddable":true,"href":"https:\/\/gobiernojima.gob.ec\/azuay\/wp-json\/wp\/v2\/users\/6"}],"replies":[{"embeddable":true,"href":"https:\/\/gobiernojima.gob.ec\/azuay\/wp-json\/wp\/v2\/comments?post=4819"}],"version-history":[{"count":5,"href":"https:\/\/gobiernojima.gob.ec\/azuay\/wp-json\/wp\/v2\/pages\/4819\/revisions"}],"predecessor-version":[{"id":5063,"href":"https:\/\/gobiernojima.gob.ec\/azuay\/wp-json\/wp\/v2\/pages\/4819\/revisions\/5063"}],"wp:attachment":[{"href":"https:\/\/gobiernojima.gob.ec\/azuay\/wp-json\/wp\/v2\/media?parent=4819"}],"curies":[{"name":"wp","href":"https:\/\/api.w.org\/{rel}","templated":true}]}}